is divided by 111273.
78
Calculate the remainder when 4753270 is divided by 2376261.
748
What is the remainder when 10046 is divided by 1207?
390
What is the remainder when 1842179 is divided by 723?
698
What is the remainder when 52565443 is divided by 412?
11
What is the remainder when 5043512 is divided by 20419?
19
What is the remainder when 4587598 is divided by 201?
175
Calculate the remainder when 335124337 is divided by 4274.
4271
Calculate the remainder when 2186162 is divided by 1093062.
38
What is the remainder when 1455185 is divided by 11549?
11
What is the remainder when 94929 is divided by 4987?
176
What is the remainder when 220748 is divided by 220620?
128
What is the remainder when 42088 is divided by 42067?
21
Calculate the remainder when 138381 is divided by 1923.
1848
Calculate the remainder when 1030979 is divided by 206193.
14
What is the remainder when 896909 is divided by 850?
159
Calculate the remainder when 18784128 is divided by 351.
12
Calculate the remainder when 91579 is divided by 693.
103
What is the remainder when 2630271 is divided by 44578?
169
Calculate the remainder when 180965256 is divided by 27.
24
What is the remainder when 9924 is divided by 1555?
594
What is the remainder when 1150152 is divided by 713?
83
What is the remainder when 4274556 is divided by 8515?
26
What is the remainder when 43095862 is divided by 24?
22
What is the remainder when 4989865 is divided by 5026?
4073
What is the remainder when 10647308 is divided by 3781?
12
Calculate the remainder when 263961 is divided by 433.
264
What is the remainder when 6782335 is divided by 9019?
47
Calculate the remainder when 1065358 is divided by 37.
17
What is the remainder when 23262 is divided by 60?
42
What is the remainder when 906299 is divided by 586?
343
What is the remainder when 636912 is divided by 15921?
72
Calculate the remainder when 206885 is divided by 7124.
289
Calculate the remainder when 5835807 is divided by 2917837.
133
What is the remainder when 726120 is divided by 75?
45
What is the remainder when 65758 is divided by 16426?
54
Calculate the remainder when 562045 is divided by 8.
5
What is the remainder when 16026603 is divided by 309?
9
What is the remainder when 278808 is divided by 3066?
2868
Calculate the remainder when 3635 is divided by 1618.
399
What is the remainder when 132462 is divided by 2881?
2817
Calculate the remainder when 3084525 is divided by 111.
57
What is the remainder when 66693803 is divided by 22231260?
23
Calculate the remainder when 29545 is divided by 352.
329
Calculate the remainder when 8896729 is divided by 2965575.
4
Calculate the remainder when 1521003 is divided by 319.
11
What is the remainder when 366371 is divided by 40682?
233
What is the remainder when 474500 is divided by 1206?
542
Calculate the remainder when 782735050 is divided by 12.
10
Calculate the remainder when 7249871 is divided by 1812458.
39
What is the remainder when 8213645 is divided by 15?
5
What is the remainder when 1364097 is divided by 557?
4
Calculate the remainder when 1711599 is divided by 323.
22
What is the remainder when 491807 is divided by 6646?
3
Calculate the remainder when 3213438 is divided by 123.
63
What is the remainder when 1728158 is divided by 180?
158
Calculate the remainder when 2184 is divided by 1066.
52
Calculate the remainder when 1018180 is divided by 13053.
46
What is the remainder when 64239 is divided by 60014?
4225
Calculate the remainder when 683518 is divided by 4438.
66
Calculate the remainder when 378631 is divided by 859.
671
What is the remainder when 5077 is divided by 153?
28
What is the remainder when 494199225 is divided by 14?
9
Calculate the remainder when 3647481 is divided by 110.
101
Calculate the remainder when 126702 is divided by 1544.
94
What is the remainder when 85410 is divided by 291?
147
Calculate the remainder when 8138318 is divided by 20045.
48
Calculate the remainder when 7570696 is divided by 98.
0
What is the remainder when 116264 is divided by 74?
10
What is the remainder when 383051 is divided by 280?
11
Calculate the remainder when 20280549 is divided by 6.
3
Calculate the remainder when 2125227 is divided by 196.
195
Calculate the remainder when 34449443 is divided by 18.
17
What is the remainder when 303393 is divided by 9193?
24
What is the remainder when 12266112 is divided by 3335?
3317
What is the remainder when 159432 is divided by 557?
130
Calculate the remainder when 6445815 is divided by 3488.
3479
Calculate the remainder when 350242 is divided by 174976.
290
What is the remainder when 5035392 is divided by 182?
180
What is the remainder when 88844821 is divided by 1067?
1066
What is the remainder when 522889 is divided by 261380?
129
Calculate the remainder when 2264867 is divided by 125.
117
What is the remainder when 11646156 is divided by 103063?
37
Calculate the remainder when 269500333 is divided by 5238.
5233
What is the remainder when 269867 is divided by 1729?
143
What is the remainder when 14263761 is divided by 864?
849
Calculate the remainder when 16171467 is divided by 266.
263
What is the remainder when 149182 is divided by 148?
146
Calculate the remainder when 15620 is divided by 7291.
1038
What is the remainder when 4723 is divided by 3163?
1560
Calculate the remainder when 711996 is divided by 1328.
188
Calculate the remainder when 1472938 is divided by 334.
332
Calculate the remainder when 13947906 is divided by 101.
8
Calculate the remainder when 2085799 is divided by 521430.
79
Calculate the remainder when 102069 is divided by 50742.
585
What is the remainder when 208987 is divided by 4769?
3920
What is the remainder when 2753492 is divided by 269?
8
Calculate the remainder when 161277 is divided by 20104.
445
What is the remainder when 9830715 is divided by 2979?
15
Calculate the remainder when 10541079 is divided by 401.
393
What is the remainder when 1917226 is divided by 641?
636
What is the remainder when 35383 is divided by 2485?
593
Calculate the remainder when 258811 is divided by 828.
475
What is the remainder when 288668 is divided by 237?
2
Calculate the remainder when 26182 is divided by 749.
716
What is the remainder when 28760 is divided by 5675?
385
Calculate the remainder when 3476007 is divided by 1158667.
6
Calculate the remainder when 60256262 is divided by 58.
4
What is the remainder when 89679 is divided by 29731?
486
Calculate the remainder when 5549670 is divided by 551.
549
What is the remainder when 123591 is divided by 40834?
1089
What is the remainder when 394799 is divided by 394776?
23
Calculate the remainder when 139176 is divided by 2151.
1512
Calculate the remainder when 6701907 is divided by 1340319.
312
Calculate the remainder when 7664848 is divided by 14.
2
What is the remainder when 135037 is divided by 43527?
4456
What is the remainder when 15873491 is divided by 1198?
1189
What is the remainder when 103940 is divided by 6489?
116
What is the remainder when 4282 is divided by 2832?
1450
Calculate the remainder when 2027785 is divided by 131.
36
What is the remainder when 53491 is divided by 51226?
2265
What is the remainder when 40335 is divided by 1510?
1075
What is the remainder when 944646 is divided by 10496?
6
Calculate the remainder when 1712222 is divided by 342439.
27
Calculate the remainder when 239674 is divided by 368.
106
Calculate the remainder when 5375971 is divided by 1382.
1373
What is the remainder when 4712666 is divided by 886?
32
What is the remainder when 128291 is divided by 1199?
1197
Calculate the remainder when 25354 is divided by 11941.
1472
What is the remainder when 363136 is divided by 8248?
224
Calculate the remainder when 21497 is divided by 2151.
2138
What is the remainder when 17243 is divided by 2831?
257
Calculate the remainder when 82161 is divided by 16415.
86
Calculate the remainder when 19610 is divided by 206.
40
What is the remainder when 171199 is divided by 42665?
539
Calculate the remainder when 1378863 is divided by 104.
31
What is the remainder when 91104 is divided by 30360?
24
What is the remainder when 14525 is divided by 5999?
2527
Calculate the remainder when 398939 is divided by 2830.
2739
Calculate the remainder when 10899971 is di